27*d + 222*d - 4*r + 386753. Is d a composite number?
True
Let r = 60389 + -26428. Is r composite?
False
Let n(d) = 21*d**3 + 8*d**2 + 9. Let g(w) = 43*w**3 + 15*w**2 + 2*w + 19. Let b(r) = -4*g(r) + 9*n(r). Is b(8) composite?
False
Suppose -35640991 = 19*o - 72*o - 60*o. Is o a prime number?
True
Suppose -5*m + 2150407 = -2*d, -4*m + 130*d - 128*d = -1720328. Is m a prime number?
False
Suppose 54 + 11100 = 6*p. Let f = -1000 + p. Is f prime?
True
Suppose 792*m - 777*m = 1377015. Is m a prime number?
True
Let z(d) = 1118*d + 563. Is z(58) a prime number?
True
Suppose w - 2 = 0, 4*b - 1436568 = -356*w + 358*w. Is b composite?
False
Let b be (-2)/(-4) - (-3466)/4. Let z = -1806 + 1232. Let j = b + z. Is j prime?
True
Let d = -5366 - -5388. Let g(w) = w**2 - 3*w**2 - 11 + 48*w - 12. Is g(d) a prime number?
False
Let y = -466 - -757. Suppose -5*m - 4*n + y = 0, 7*n = -m + 2*n + 54. Is m prime?
True
Let b(i) = 20023*i + 3552. Is b(35) composite?
False
Let n be 8/28 + (-180834)/(-14). Let h = 20412 - n. Is h composite?
True
Let p(h) = -12*h**3 - h**2 + 1. Let c be p(-1). Let i(g) = g**3 - 5 + g**3 - 9*g**2 - 74*g + 79*g - g**3. Is i(c) a prime number?
True
Is (-32991360)/(-200) - (3 - 64/20) composite?
True
Let r(k) = -58159*k**3 + 12*k**2 - 2*k - 4. Is r(-1) a prime number?
True
Let t = 53140 - 76886. Let w = -15263 - t. Is w a prime number?
False
Suppose 24360 = -5*f + w, f - 14604 = 4*f - 3*w. Let p = -3480 - f. Is p prime?
False
Suppose 0*v - 2*v - 2*t = -16, 3*v + 2*t = 19. Suppose -3*g + 34092 = v*x, -2*g + 2*x + 14098 = -8642. Is g/(-45)*-1*5 + -2 a prime number?
False
Let d(w) = w**2 - 5*w + 8. Let p be d(4). Suppose p*f - 2755 = -f. Suppose 0 = 3*n - 2*n - 2*c - f, 3*n + c - 1660 = 0. Is n prime?
False
Suppose 4*k - 13*g = -9*g + 184068, -12 = -3*g. Is k a prime number?
True
Let k = -22015 - -40354. Let h = k - 1066. Is h prime?
False
Let c(g) = -24452*g - 865. Is c(-19) prime?
False
Suppose -207167 = -13*v - 65297 + 96251. Is v prime?
False
Let x(p) = -p + 12. Let q be x(-3). Suppose 0 = 15*n - 20*n - q. Let r(l) = -66*l**3 + 6*l**2 - 4*l - 7. Is r(n) a prime number?
False
Is ((-77017)/(-2))/(((-2385)/270)/(-53)) prime?
False
Is (3 - (-6577008)/132) + 4/22 a prime number?
False
Let m = 296552 - 28153. Is m prime?
False
Let m be (-1012)/14 + (-42)/(-147). Let f = m - -76. Suppose f*t = 7*t - 237. Is t a prime number?
True
Let m(f) = -336 - 378 + 717 + 542*f - 2860*f. Let l = -1 + 0. Is m(l) composite?
True
Let b(k) = 8*k**3 + 2*k**2 + 10*k - 11. Let y be b(1). Is y/(-12) - (1985368/(-32) - -3) prime?
True
Let p = 42259 + 319162. Is p a composite number?
False
Suppose 2803880 = 209*u - 169*u. Is u prime?
False
Suppose 0 = -12*u - 269*u + 27699013. Is u composite?
False
Let z = 23288 + 68819. Is z a prime number?
True
Let h = -120 + 123. Suppose 7*n = h*u + 3*n - 1685, -10 = 5*n. Is u composite?
True
Let w(y) = y**2 - 6*y + 7. Let p be w(5). Let h(l) = -4*l + 6. Let c be h(p). Is (0 - -1838)*c/(-4) composite?
False
Suppose -2*j = 0, -6*j + 915556 = 4*x - 13*j + 3*j. Is x a composite number?
True
Let h = 1146682 + -636911. Is h a prime number?
False
Suppose -774*p + 1157665 = z - 777*p, 4*p = -16. Is z a composite number?
True
Suppose -28 = -y - h, -4*h + 200 - 55 = 5*y. Let z be (8/(-44) - 16/y)*-6. Suppose -g + 1543 + 746 = z*q, 1132 = 2*q - 2*g. Is q a prime number?
True
Let o(x) be the second derivative of -x**3 + 85*x**2/2 - x + 7. Is o(-21) a composite number?
False
Suppose -3*f - z + 28133 = 0, -5*f + z + 4*z = -46875. Suppose -n + f = -3*u, -3*n + 28027 + 96 = -5*u. Is n prime?
True
Let c = -70 + 70. Let q(k) = -k**3 + 2*k**2 + k + 1407. Let j be q(c). Suppose 7*h = 4*h + j. Is h a prime number?
False
Let z(c) = -c**3 + 20*c**2 + 34*c - 69. Suppose -146 = 19*i - 488. Is z(i) a composite number?
True
Let w(l) = -2*l + 12. Let k be w(11). Let i(y) = y + 10. Let a be i(k). Is 2882/44*(a - (-4 + 2)) prime?
True
Let a(b) be the first derivative of 113*b**3/3 + 15*b**2/2 + 65*b - 254. Is a(-7) a composite number?
True
Suppose 3*l + 83*a - 79*a - 441391 = 0, 2*l = -5*a + 294249. Is l composite?
False
Suppose -12 = 4*n, 3*n - 4234 = -3*a - 16. Suppose -4631 + a = -6*y. Is y a prime number?
False
Let g(s) = 14*s**3 - 22*s**2 + 69*s + 28. Is g(11) prime?
True
Let j be (-6)/((5 + -4)*-3). Suppose 4*a - 2642 = j*x, -a - 5*x = -x - 647. Is a a composite number?
False
Is 6*6/(-36) + 2706 a prime number?
False
Let r = 3540 - 2270. Let p = -483 + r. Is p a composite number?
False
Let p(h) = 130*h**2 - 93*h + 34. Is p(-21) prime?
False
Let o(y) = -48777*y - 47. Is o(-2) prime?
False
Let q(h) = -h**2 + 7*h + 19. Let v be q(9). Let y be (2 + 1)*1 - v. Suppose -y*g + 518 = -96. Is g a prime number?
True
Suppose 6*m - 7*m = -k + 1626, 0 = 4*m - 4. Let b = k + -482. Is b a prime number?
False
Suppose 139*o = 144*o + 35220. Let m = o + 23485. Is m prime?
False
Let z(m) = -2*m**2 - m + 25. Let p = 49 + -42. Let n be z(p). Is 4 + (-5 - n*1) composite?
False
Let h(o) be the second derivative of 20*o + 0 - 1/3*o**3 - 9/2*o**2 + 1/2*o**4. Is h(-4) composite?
True
Suppose 10 = -4*z + 218. Suppose 2*m + v = 3*m - z, 0 = 2*m + 5*v - 111. Is m a composite number?
False
Let j(c) = 73*c**3 - 2*c**2 - c - 1. Let s be j(2). Let h(o) = 6*o + 24. Let r be h(-4). Suppose 3*p - 6*p + s = r. Is p composite?
False
Suppose -99*q + 5507670 = -2542119. Is q composite?
True
Let c = -101 - -102. Is (-4)/(-24)*3*9722*c prime?
True
Let d = 6157 - -32924. Suppose -24216 = -9*r + d. Is r prime?
False
Let n be -2 - (-3 + 27)/(-4). Suppose 2*f + n*h = 2296, 4*f - 3444 = f + 4*h. Suppose 5*w + 1435 = 5*t, -4*t + 0*w = w - f. Is t prime?
False
Suppose -o = 4*j - 1102120 + 193133, -4*j - 908955 = -o. Is o prime?
False
Suppose o + o = -24. Let g(h) be the second derivative of -10*h**3 + 41*h**2/2 + 5*h. Is g(o) a prime number?
True
Let m = -330524 - -661497. Is m composite?
True
Suppose 4*s + 265 = g - 581, 2*s = -2*g - 418. Let k = s + 884. Is k prime?
True
Let q = -153 - -156. Is (-2749)/9*q*-3 a composite number?
False
Let c be 4 + -9 - 0 - 9. Is (6 + c + 9)/(2/8962) a composite number?
False
Let f = 328527 + -225766. Is f prime?
True
Let v = -915 + -9. Let t = -207 - 170. Let p = t - v. Is p a composite number?
False
Suppose -p + 25217 = 2*b, 25211 = p - 17*b + 20*b. Is p a prime number?
True
Let f be (3/(-9))/((-22)/(-617628)). Let j = 13725 + f. Is j composite?
True
Let m(l) = -l**2 + 10*l + 200. Let a be m(20). Suppose -50*p + 56*p - 49578 = a. Is p prime?
True
Let j(q) = -2*q - 22. Let i be j(-11). Suppose -3*a + 10 = 5*c, i = -4*a + 5*a - 4*c - 9. Suppose -4*m - 3*w = -5530, -3*m + w = a*w - 4151. Is m prime?
True
Suppose n + 13911 - 186064 = j, 4*j = n - 172171. Is n a prime number?
True
Let j(x) be the first derivative of x**4/4 + 4*x**3 - 6*x**2 + 1. Suppose -37 = 3*o + 2*s, -2*s = 317*o - 315*o + 26. Is j(o) a prime number?
False
Suppose 6180371 + 3248515 = 44*d + 90722. Is d a prime number?
False
Suppose 884*w - 2967555 = 869*w. Is w a composite number?
False
Let c be 2/2 + -174 - 0. Suppose 9600 = 28*q - 5*q + 9*q. Let f = q + c. Is f prime?
True
Suppose 7*z - 4703 = 9766. Let j = 0 - -3. Suppose -z - 1152 = -j*n. Is n a composite number?
True
Let o be 7/42 - (106276/24 - 2). Let i = 2353 - o. Is i a composite number?
False
Let s(m) = 8*m - 1. Let b(j) = -27*j + 12302. Let l(c) = b(c) + s(c). Is l(0) a composite number?
False
Suppose 7*v = 2*v - 10765. Let g = 4576 + v. Is g composite?
False
Let p = -1389 + 951. Let y = -253 - p. Is y prime?
False
Let w(c) = 423*c**2 - 48*c + 26. Is w(-9) a prime number?
True
Is 7793748445/8225 - (8/(-10))/1 composite?
True
Let h(v) = 1254*v - 89. Let n(f) = 418*f - 30. Let d(o) = 2*h(o) - 7*n(o). Let l be d(-6). Suppose w - 3*t + 98 = 733, 2*t = -4*w + l. Is w prime?
False
Let i(k) be the first derivative of 1847*k**6/360 - 3*k**3 - 11. Let s(v) be the third derivative of i(v). Is s(-1) prime?
True
Let x(y) = 5*y**2 - 28*y + 24. Let t be x(-23). Let l = t + -322. Is l a prime number?
False
Let r(p) = 11 + 43*p**3 - 36*p + 37*p - 15*p**2 + 5*p**2. Is r(5) a prime number?
False
Suppose 1214 = 8*a + 9606. Let k = 1584 - a. Is k a composite number?
False
Let m = 2172069 - 1150886. Is m prime?
True
Let u(y) = -1437*y - 329. Is u(-10) a compos